nder when 24137 is divided by 25?
12
Calculate the remainder when 7162 is divided by 7108.
54
What is the remainder when 5108 is divided by 299?
25
What is the remainder when 3317 is divided by 32?
21
Calculate the remainder when 16108 is divided by 38.
34
Calculate the remainder when 16217 is divided by 2019.
65
What is the remainder when 8803 is divided by 124?
123
What is the remainder when 534138 is divided by 271?
268
What is the remainder when 473575 is divided by 9?
4
What is the remainder when 1352 is divided by 236?
172
What is the remainder when 143950 is divided by 131?
112
Calculate the remainder when 12127 is divided by 631.
138
Calculate the remainder when 7628 is divided by 949.
36
Calculate the remainder when 96305 is divided by 499.
497
What is the remainder when 3396 is divided by 23?
15
Calculate the remainder when 1208 is divided by 1151.
57
Calculate the remainder when 2921 is divided by 948.
77
Calculate the remainder when 5168 is divided by 147.
23
What is the remainder when 95835 is divided by 247?
246
What is the remainder when 169174 is divided by 371?
369
What is the remainder when 216718 is divided by 84?
82
What is the remainder when 234362 is divided by 8680?
2
What is the remainder when 37167 is divided by 26?
13
Calculate the remainder when 3671 is divided by 283.
275
Calculate the remainder when 947 is divided by 27.
2
Calculate the remainder when 357059 is divided by 119009.
32
Calculate the remainder when 1163854 is divided by 77.
76
What is the remainder when 1573 is divided by 781?
11
Calculate the remainder when 8704 is divided by 93.
55
What is the remainder when 169399 is divided by 114?
109
What is the remainder when 11469 is divided by 5173?
1123
Calculate the remainder when 9850 is divided by 139.
120
What is the remainder when 10809 is divided by 829?
32
Calculate the remainder when 33048 is divided by 2754.
0
Calculate the remainder when 107732 is divided by 492.
476
Calculate the remainder when 2986 is divided by 805.
571
Calculate the remainder when 78714 is divided by 486.
468
Calculate the remainder when 18474 is divided by 168.
162
Calculate the remainder when 45612 is divided by 7601.
6
Calculate the remainder when 136772 is divided by 417.
413
Calculate the remainder when 12607 is divided by 1050.
7
What is the remainder when 1701926 is divided by 929?
927
Calculate the remainder when 50991 is divided by 965.
811
Calculate the remainder when 272784 is divided by 210.
204
What is the remainder when 278103 is divided by 554?
549
What is the remainder when 25221 is divided by 76?
65
What is the remainder when 55143 is divided by 1174?
1139
What is the remainder when 143184 is divided by 143173?
11
What is the remainder when 5356 is divided by 1769?
49
What is the remainder when 4186 is divided by 47?
3
What is the remainder when 2058 is divided by 686?
0
What is the remainder when 1786 is divided by 503?
277
Calculate the remainder when 10008 is divided by 55.
53
Calculate the remainder when 2085 is divided by 406.
55
What is the remainder when 22557 is divided by 492?
417
What is the remainder when 353333 is divided by 794?
3
Calculate the remainder when 1554 is divided by 176.
146
What is the remainder when 46842 is divided by 816?
330
What is the remainder when 118783 is divided by 58?
57
What is the remainder when 859 is divided by 24?
19
Calculate the remainder when 66235 is divided by 66233.
2
Calculate the remainder when 463184 is divided by 101.
99
Calculate the remainder when 47039 is divided by 420.
419
Calculate the remainder when 191248 is divided by 109.
62
What is the remainder when 81779 is divided by 962?
9
What is the remainder when 31734 is divided by 2644?
6
Calculate the remainder when 3075 is divided by 614.
5
Calculate the remainder when 56654 is divided by 77.
59
Calculate the remainder when 6590 is divided by 357.
164
What is the remainder when 121600 is divided by 9350?
50
Calculate the remainder when 4403 is divided by 55.
3
What is the remainder when 17933 is divided by 181?
14
What is the remainder when 6737 is divided by 1476?
833
Calculate the remainder when 9823 is divided by 252.
247
What is the remainder when 933 is divided by 9?
6
What is the remainder when 71438 is divided by 20?
18
Calculate the remainder when 3456 is divided by 510.
396
What is the remainder when 2211 is divided by 547?
23
Calculate the remainder when 263 is divided by 143.
120
What is the remainder when 292199 is divided by 30?
29
Calculate the remainder when 29563 is divided by 9840.
43
What is the remainder when 190782 is divided by 63594?
0
Calculate the remainder when 4716347 is divided by 637.
636
Calculate the remainder when 704 is divided by 37.
1
Calculate the remainder when 575120 is divided by 32.
16
What is the remainder when 1101 is divided by 31?
16
What is the remainder when 175179 is divided by 58338?
165
What is the remainder when 1530079 is divided by 146?
145
Calculate the remainder when 25518 is divided by 12742.
34
Calculate the remainder when 2405709 is divided by 199.
197
Calculate the remainder when 6982 is divided by 6914.
68
Calculate the remainder when 314 is divided by 9.
8
What is the remainder when 2203 is divided by 716?
55
Calculate the remainder when 58089 is divided by 469.
402
What is the remainder when 3730 is divided by 275?
155
What is the remainder when 1832532 is divided by 193?
190
Calculate the remainder when 10961 is divided by 3629.
74
Calculate the remainder when 10330 is divided by 811.
598
What is the remainder when 85470 is divided by 2136?
30
Calculate the remainder when 1813 is divided by 251.
56
What is the remainder when 109682 is divided by 2333?
31
Calculate the remainder when 19763 is divided by 3948.
23
Calculate the remainder when 812 is divided by 73.
9
What is the remainder when 431097 is divided by 28739?
12
Calculate the remainder when 23032 is divided by 240.
232
What is the remainder when 1075 is divided by 53?
15
What is the remainder when 207767 is divided by 140?
7
What is the remainder when 1954 is divided by 13?
4
What is the remainder when 228497 is divided by 63?
59
Calculate the remainder when 1576 is divided by 11.
3
Calculate the remainder when 2013 is divided by 168.
165
Calculate the remainder when 19832 is divided by 4958.
0
What is the remainder when 18179 is divided by 1129?
115
What is the remainder when 67811 is divided by 406?
9
What is the remainder when 3506 is divided by 784?
370
Calculate the remainder when 44806 is divided by 183.
154
Calculate the remainder when 8721 is divided by 312.
297
Calculate the remainder when 18705 is divided by 4662.
57
Calculate the remainder when 2779 is divided by 1245.
289
What is the remainder when 1122 is divided by 41?
15
Calculate the remainder when 43213 is divided by 148.
145
Calculate the remainder when 23493 is divided by 276.
33
Calculate the remainder when 130730 is divided by 149.
57
Calculate the remainder when 121741 is divided by 2341.
9
What is the remainder when 672 is divided by 42?
0
Calculate the remainder when 52792 is divided by 17588.
28
What is the remainder when 642681 is divided by 37804?
13
Calculate the remainder when 21649 is divided by 349.
11
Calculate the remainder when 2543 is divided by 515.
483
What is the remainder when 25440 is divided by 5072?
80
What is the remainder when 7665 is divided by 36?
33
What is the remainder when 49928 is divided by 89?
88
Calculate the remainder when 1284378 is divided by 29.
26
Calculate the remainder when 13388 is divided by 48.
44
Calculate the remainder when 425105 is divided by 653.
2
What is the remainder when 53015 is divided by 17?
9
Calculate the remainder when 24590 is divided by 148.
22
What is the remainder when 7577 is divided by 329?
10
Calculate the remainder when 27998 is divided by 26.
22
Calculate the remainder when 1155 is divided by 58.
53
Calculate the remainder when 1205093 is divided by 180.
173
What is the remainder when 20120 is divided by 9857?
406
Calculate the remainder when 8619 is divided by 1719.
24
Calculate the remainder when 29221 is divided by 104.
101
What is the remainder when 569 is divided by 127?
61
Calculate the remainder when 676 is divided by 634.
42
What is the r